{"id":209,"date":"2015-08-29T21:49:49","date_gmt":"2015-08-29T21:49:49","guid":{"rendered":"http:\/\/pontfesztival.hu\/?page_id=209"},"modified":"2021-09-30T15:52:44","modified_gmt":"2021-09-30T15:52:44","slug":"szervezok","status":"publish","type":"page","link":"https:\/\/archive.pontfesztival.hu\/2021\/szervezok\/","title":{"rendered":"Szervez\u0151k"},"content":{"rendered":"\n<div class=\"wp-block-columns\">\n<div class=\"wp-block-column\">\n<figure class=\"wp-block-image size-full is-resized\"><a href=\"http:\/\/pontfesztival.hu\/wp-content\/uploads\/2021\/09\/hangveto.png\"><img src=\"http:\/\/pontfesztival.hu\/wp-content\/uploads\/2021\/09\/hangveto.png\" alt=\"\" class=\"wp-image-3094\" height=\"70\"\/><\/a><\/figure>\n\n\n\n<h3><br>HANGVET\u0150<\/h3>\n\n\n\n<p>A budapesti sz\u00e9khely\u0171 Hangvet\u0151 a k\u00f6z\u00e9p-kelet-eur\u00f3pai r\u00e9gi\u00f3 vezet\u0151\u00a0 zeneipari szerepl\u0151je. Rendezv\u00e9nyek szervez\u00e9s\u00e9vel, lemezkiad\u00e1ssal \u00e9s terjeszt\u00e9ssel, dokumentumfilm \u00e9s podcastgy\u00e1rt\u00e1ssal, kultur\u00e1lis strat\u00e9giai tan\u00e1csad\u00e1ssal, zeneipari fejleszt\u00e9si programokkal foglalkozunk hazai \u00e9s nemzetk\u00f6zi szinten. <\/p>\n\n\n\n<p>A csapatunk rendk\u00edv\u00fcl sz\u00ednes: etnomuzikol\u00f3gusok, zen\u00e9szek, rendezv\u00e9nyszervez\u0151k, kommunik\u00e1ci\u00f3s szakemberek, p\u00e9nz\u00fcgyi \u00e9s p\u00e1ly\u00e1zati szak\u00e9rt\u0151k is r\u00e9sz\u00e9t k\u00e9pezik. Sz\u00e9lesk\u00f6r\u0171 hazai \u00e9s nemzetk\u00f6zi kapcsolataink vannak. <\/p>\n\n\n\n<p>Tapasztalatok: PONT Fesztiv\u00e1l &#8211; UNESCO tematika, csal\u00e1di interakt\u00edv programok, ki\u00e1ll\u00edt\u00e1sok, gasztro esem\u00e9nyek, koncertek. WOMEX &#8211; showcase, koncertek, expo, networking, filmfesztiv\u00e1l. Budapest Ritmo &#8211; vil\u00e1gzenei fesztiv\u00e1l, showcase, szakmai konferencia. Tan\u00e1csad\u00e1s\/P\u00e1ly\u00e1zat\u00edr\u00e1s -Kreat\u00edv Eur\u00f3pa p\u00e1ly\u00e1zatok,\u00a0 EKF p\u00e1ly\u00e1zatok,\u00a0 Eur\u00f3pa Ifj\u00fas\u00e1gi F\u0151v\u00e1ros p\u00e1ly\u00e1zat. Hangj\u00e1t\u00e9k &#8211; VEB2023-al k\u00f6z\u00f6s zenei fejleszt\u00e9si program Veszpr\u00e9mben<\/p>\n<\/div>\n\n\n\n<div class=\"wp-block-column\">\n<figure class=\"wp-block-image size-full is-resized\"><a href=\"https:\/\/archive.pontfesztival.hu\/2021\/wp-content\/uploads\/2021\/09\/liszt_unnep_logo_MUPA_feher_CMYK_HU.png\"><img loading=\"lazy\" src=\"https:\/\/archive.pontfesztival.hu\/2021\/wp-content\/uploads\/2021\/09\/liszt_unnep_logo_MUPA_feher_CMYK_HU.png\" alt=\"\" class=\"wp-image-3535\" width=\"250\" height=\"187\" srcset=\"https:\/\/archive.pontfesztival.hu\/2021\/wp-content\/uploads\/2021\/09\/liszt_unnep_logo_MUPA_feher_CMYK_HU.png 1000w, https:\/\/archive.pontfesztival.hu\/2021\/wp-content\/uploads\/2021\/09\/liszt_unnep_logo_MUPA_feher_CMYK_HU-300x225.png 300w, https:\/\/archive.pontfesztival.hu\/2021\/wp-content\/uploads\/2021\/09\/liszt_unnep_logo_MUPA_feher_CMYK_HU-768x575.png 768w\" sizes=\"(max-width: 250px) 100vw, 250px\" \/><\/a><\/figure>\n\n\n\n<h3><br>LISZT \u00dcNNEP<\/h3>\n\n\n\n<p>A 2021-ben, Liszt Ferenc sz\u00fclet\u00e9s\u00e9nek 210. \u00e9vfordul\u00f3j\u00e1n \u00e9letre h\u00edvott <strong>Liszt \u00dcnnep Nemzetk\u00f6zi Kultur\u00e1lis Fesztiv\u00e1l <\/strong>a hazai \u00e9s nemzetk\u00f6zi m\u0171v\u00e9szeti \u00e9let meghat\u00e1roz\u00f3 szerepl\u0151it \u00e9s legfrissebb alkot\u00e1sait emeli programj\u00e1ba \u00e9s hozza el Magyarorsz\u00e1gra. A Liszt \u00e9letm\u0171v\u00e9t jellemz\u0151 kiemelked\u0151 min\u0151s\u00e9g, m\u0171faji soksz\u00edn\u0171s\u00e9g \u00e9s formai gazdags\u00e1g a Liszt \u00dcnnep sz\u00e1m\u00e1ra is alap\u00e9rt\u00e9k. A M\u00fcpa \u00faj \u00f6sszm\u0171v\u00e9szeti esem\u00e9nysorozat\u00e1nak r\u00e9szek\u00e9nt nagyszab\u00e1s\u00fa hangversenyek, klasszikus \u00e9s kort\u00e1rs zenei kamaraprodukci\u00f3k mellett orgonakoncertek, k\u00f6nny\u0171zenei \u00e9s jazzkoncertek, t\u00e1ncel\u0151ad\u00e1sok, irodalmi \u00e9s k\u00e9pz\u0151m\u0171v\u00e9szeti programok, valamint rendhagy\u00f3 k\u00f6zt\u00e9ri esem\u00e9nyek v\u00e1rj\u00e1k a k\u00f6z\u00f6ns\u00e9get Budapest legjelent\u0151sebb m\u0171v\u00e9szeti tereiben \u00e9s a v\u00e1ros sz\u00e1mos pontj\u00e1n.<\/p>\n<\/div>\n<\/div>\n","protected":false},"excerpt":{"rendered":"<p>HANGVET\u0150 A budapesti sz\u00e9khely\u0171 Hangvet\u0151 a k\u00f6z\u00e9p-kelet-eur\u00f3pai r\u00e9gi\u00f3 vezet\u0151\u00a0 zeneipari [&hellip;]<\/p>\n","protected":false},"author":1,"featured_media":0,"parent":0,"menu_order":0,"comment_status":"open","ping_status":"closed","template":"organizers.php","meta":[],"_links":{"self":[{"href":"https:\/\/archive.pontfesztival.hu\/2021\/wp-json\/wp\/v2\/pages\/209"}],"collection":[{"href":"https:\/\/archive.pontfesztival.hu\/2021\/wp-json\/wp\/v2\/pages"}],"about":[{"href":"https:\/\/archive.pontfesztival.hu\/2021\/wp-json\/wp\/v2\/types\/page"}],"author":[{"embeddable":true,"href":"https:\/\/archive.pontfesztival.hu\/2021\/wp-json\/wp\/v2\/users\/1"}],"replies":[{"embeddable":true,"href":"https:\/\/archive.pontfesztival.hu\/2021\/wp-json\/wp\/v2\/comments?post=209"}],"version-history":[{"count":2,"href":"https:\/\/archive.pontfesztival.hu\/2021\/wp-json\/wp\/v2\/pages\/209\/revisions"}],"predecessor-version":[{"id":3553,"href":"https:\/\/archive.pontfesztival.hu\/2021\/wp-json\/wp\/v2\/pages\/209\/revisions\/3553"}],"wp:attachment":[{"href":"https:\/\/archive.pontfesztival.hu\/2021\/wp-json\/wp\/v2\/media?parent=209"}],"curies":[{"name":"wp","href":"https:\/\/api.w.org\/{rel}","templated":true}]}}

Szervezők

<div class="wp-block-columns">
<div class="wp-block-column">
<figure class="wp-block-image size-full is-resized"><a href="http://pontfesztival.hu/wp-content/uploads/2021/09/hangveto.png"><img src="http://pontfesztival.hu/wp-content/uploads/2021/09/hangveto.png" alt="" class="wp-image-3094" height="70"/></a></figure>



<h3><br>HANGVETŐ</h3>



<p>A budapesti székhelyű Hangvető a közép-kelet-európai régió vezető  zeneipari szereplője. Rendezvények szervezésével, lemezkiadással és terjesztéssel, dokumentumfilm és podcastgyártással, kulturális stratégiai tanácsadással, zeneipari fejlesztési programokkal foglalkozunk hazai és nemzetközi szinten. </p>



<p>A csapatunk rendkívül színes: etnomuzikológusok, zenészek, rendezvényszervezők, kommunikációs szakemberek, pénzügyi és pályázati szakértők is részét képezik. Széleskörű hazai és nemzetközi kapcsolataink vannak. </p>



<p>Tapasztalatok: PONT Fesztivál &#8211; UNESCO tematika, családi interaktív programok, kiállítások, gasztro események, koncertek. WOMEX &#8211; showcase, koncertek, expo, networking, filmfesztivál. Budapest Ritmo &#8211; világzenei fesztivál, showcase, szakmai konferencia. Tanácsadás/Pályázatírás -Kreatív Európa pályázatok,  EKF pályázatok,  Európa Ifjúsági Főváros pályázat. Hangjáték &#8211; VEB2023-al közös zenei fejlesztési program Veszprémben</p>
</div>



<div class="wp-block-column">
<figure class="wp-block-image size-full is-resized"><a href="https://archive.pontfesztival.hu/2021/wp-content/uploads/2021/09/liszt_unnep_logo_MUPA_feher_CMYK_HU.png"><img loading="lazy" src="https://archive.pontfesztival.hu/2021/wp-content/uploads/2021/09/liszt_unnep_logo_MUPA_feher_CMYK_HU.png" alt="" class="wp-image-3535" width="250" height="187" srcset="https://archive.pontfesztival.hu/2021/wp-content/uploads/2021/09/liszt_unnep_logo_MUPA_feher_CMYK_HU.png 1000w, https://archive.pontfesztival.hu/2021/wp-content/uploads/2021/09/liszt_unnep_logo_MUPA_feher_CMYK_HU-300x225.png 300w, https://archive.pontfesztival.hu/2021/wp-content/uploads/2021/09/liszt_unnep_logo_MUPA_feher_CMYK_HU-768x575.png 768w" sizes="(max-width: 250px) 100vw, 250px" /></a></figure>



<h3><br>LISZT ÜNNEP</h3>



<p>A 2021-ben, Liszt Ferenc születésének 210. évfordulóján életre hívott <strong>Liszt Ünnep Nemzetközi Kulturális Fesztivál </strong>a hazai és nemzetközi művészeti élet meghatározó szereplőit és legfrissebb alkotásait emeli programjába és hozza el Magyarországra. A Liszt életművét jellemző kiemelkedő minőség, műfaji sokszínűség és formai gazdagság a Liszt Ünnep számára is alapérték. A Müpa új összművészeti eseménysorozatának részeként nagyszabású hangversenyek, klasszikus és kortárs zenei kamaraprodukciók mellett orgonakoncertek, könnyűzenei és jazzkoncertek, táncelőadások, irodalmi és képzőművészeti programok, valamint rendhagyó köztéri események várják a közönséget Budapest legjelentősebb művészeti tereiben és a város számos pontján.</p>
</div>
</div>

<p>HANGVETŐ A budapesti székhelyű Hangvető a közép-kelet-európai régió vezető  zeneipari [&hellip;]</p>
