{"id":3112,"date":"2021-09-16T13:11:31","date_gmt":"2021-09-16T13:11:31","guid":{"rendered":"https:\/\/archive.pontfesztival.hu\/2021\/?post_type=programok&#038;p=3112"},"modified":"2021-09-29T19:09:44","modified_gmt":"2021-09-29T19:09:44","slug":"david-yengibarian","status":"publish","type":"programok","link":"https:\/\/archive.pontfesztival.hu\/2021\/programok\/david-yengibarian\/","title":{"rendered":"David Yengibarian"},"content":{"rendered":"\n<p>David Yengibarian egyedi zenei vil\u00e1g\u00e1nak f\u0151 inspir\u00e1ci\u00f3s forr\u00e1sa az \u00f6rm\u00e9ny hagyom\u00e1ny, amir\u0151l \u00edgy vall: \u201eA mi zen\u00e9nk tekerv\u00e9nyes, hossz\u00fa, h\u00e1bor\u00fas, boldog-boldogtalan, tragikus utat j\u00e1rt be, holokauszttal, szenved\u00e9ssel, \u00f6r\u00f6mmel. A n\u00e9pzen\u00e9ben t\u00f6k\u00e9letesen benne van egy n\u00e9p sorsa.\u201d A szenved\u00e9lyes el\u0151ad\u00e1sm\u00f3d virtuozit\u00e1ssal p\u00e1rosul, \u00e9s szabadon alkalmazza a jazz \u00e9s az Astor Piazzola-f\u00e9le tango elemeit.<\/p>\n","protected":false},"featured_media":3251,"menu_order":3,"template":"","meta":[],"event_location":[49],"event_date":[52],"_links":{"self":[{"href":"https:\/\/archive.pontfesztival.hu\/2021\/wp-json\/wp\/v2\/programok\/3112"}],"collection":[{"href":"https:\/\/archive.pontfesztival.hu\/2021\/wp-json\/wp\/v2\/programok"}],"about":[{"href":"https:\/\/archive.pontfesztival.hu\/2021\/wp-json\/wp\/v2\/types\/programok"}],"version-history":[{"count":1,"href":"https:\/\/archive.pontfesztival.hu\/2021\/wp-json\/wp\/v2\/programok\/3112\/revisions"}],"predecessor-version":[{"id":3489,"href":"https:\/\/archive.pontfesztival.hu\/2021\/wp-json\/wp\/v2\/programok\/3112\/revisions\/3489"}],"wp:featuredmedia":[{"embeddable":true,"href":"https:\/\/archive.pontfesztival.hu\/2021\/wp-json\/wp\/v2\/media\/3251"}],"wp:attachment":[{"href":"https:\/\/archive.pontfesztival.hu\/2021\/wp-json\/wp\/v2\/media?parent=3112"}],"wp:term":[{"taxonomy":"event_location","embeddable":true,"href":"https:\/\/archive.pontfesztival.hu\/2021\/wp-json\/wp\/v2\/event_location?post=3112"},{"taxonomy":"event_date","embeddable":true,"href":"https:\/\/archive.pontfesztival.hu\/2021\/wp-json\/wp\/v2\/event_date?post=3112"}],"curies":[{"name":"wp","href":"https:\/\/api.w.org\/{rel}","templated":true}]}}

<p>David Yengibarian egyedi zenei világának fő inspirációs forrása az örmény hagyomány, amiről így vall: „A mi zenénk tekervényes, hosszú, háborús, boldog-boldogtalan, tragikus utat járt be, holokauszttal, szenvedéssel, örömmel. A népzenében tökéletesen benne van egy nép sorsa.” A szenvedélyes előadásmód virtuozitással párosul, és szabadon alkalmazza a jazz és az Astor Piazzola-féle tango elemeit.</p>
