{"id":3118,"date":"2021-09-16T14:12:16","date_gmt":"2021-09-16T14:12:16","guid":{"rendered":"https:\/\/archive.pontfesztival.hu\/2021\/?post_type=programok&#038;p=3118"},"modified":"2021-09-27T13:45:34","modified_gmt":"2021-09-27T13:45:34","slug":"kaukazusi-dobworkshop","status":"publish","type":"programok","link":"https:\/\/archive.pontfesztival.hu\/2021\/programok\/kaukazusi-dobworkshop\/","title":{"rendered":"Ritmosaic kauk\u00e1zusi dobworkshop"},"content":{"rendered":"\n<p>A <a href=\"https:\/\/www.facebook.com\/ritmosaic\/\" target=\"_blank\" rel=\"noreferrer noopener\">Ritmosaic<\/a> workshopj\u00e1n interakt\u00edv hangszerbemutat\u00f3n kereszt\u00fcl tal\u00e1lkozhattok n\u00e9h\u00e1ny a kauk\u00e1zuson jellemz\u0151 \u00fct\u0151hangszerrel; gr\u00faz \u00e9s \u00f6rm\u00e9ny ritmusokat ismerhettek meg. Fejleszt\u0151 gyakorlatokat, ritmusj\u00e1t\u00e9kokat, alapritmusokat tanulhattok, \u00e9s\u00a0 bemutat\u00e1sra ker\u00fcl a zenekar n\u00e9h\u00e1ny saj\u00e1t kompoz\u00edci\u00f3ja. K\u00f6z\u00f6s \u00f6r\u00f6mzen\u00e9l\u00e9ssel z\u00e1rul a program.<\/p>\n","protected":false},"featured_media":3328,"menu_order":2,"template":"","meta":[],"event_location":[50],"event_date":[52],"_links":{"self":[{"href":"https:\/\/archive.pontfesztival.hu\/2021\/wp-json\/wp\/v2\/programok\/3118"}],"collection":[{"href":"https:\/\/archive.pontfesztival.hu\/2021\/wp-json\/wp\/v2\/programok"}],"about":[{"href":"https:\/\/archive.pontfesztival.hu\/2021\/wp-json\/wp\/v2\/types\/programok"}],"version-history":[{"count":0,"href":"https:\/\/archive.pontfesztival.hu\/2021\/wp-json\/wp\/v2\/programok\/3118\/revisions"}],"wp:featuredmedia":[{"embeddable":true,"href":"https:\/\/archive.pontfesztival.hu\/2021\/wp-json\/wp\/v2\/media\/3328"}],"wp:attachment":[{"href":"https:\/\/archive.pontfesztival.hu\/2021\/wp-json\/wp\/v2\/media?parent=3118"}],"wp:term":[{"taxonomy":"event_location","embeddable":true,"href":"https:\/\/archive.pontfesztival.hu\/2021\/wp-json\/wp\/v2\/event_location?post=3118"},{"taxonomy":"event_date","embeddable":true,"href":"https:\/\/archive.pontfesztival.hu\/2021\/wp-json\/wp\/v2\/event_date?post=3118"}],"curies":[{"name":"wp","href":"https:\/\/api.w.org\/{rel}","templated":true}]}}

Ritmosaic kaukázusi dobworkshop

<p>A <a href="https://www.facebook.com/ritmosaic/" target="_blank" rel="noreferrer noopener">Ritmosaic</a> workshopján interaktív hangszerbemutatón keresztül találkozhattok néhány a kaukázuson jellemző ütőhangszerrel; grúz és örmény ritmusokat ismerhettek meg. Fejlesztő gyakorlatokat, ritmusjátékokat, alapritmusokat tanulhattok, és  bemutatásra kerül a zenekar néhány saját kompozíciója. Közös örömzenéléssel zárul a program.</p>
