{"id":3121,"date":"2021-09-16T14:15:37","date_gmt":"2021-09-16T14:15:37","guid":{"rendered":"https:\/\/archive.pontfesztival.hu\/2021\/?post_type=programok&#038;p=3121"},"modified":"2021-09-27T13:20:08","modified_gmt":"2021-09-27T13:20:08","slug":"klarisok","status":"publish","type":"programok","link":"https:\/\/archive.pontfesztival.hu\/2021\/programok\/klarisok\/","title":{"rendered":"Kl\u00e1risok mesekoncert"},"content":{"rendered":"\n<p>A n\u00e9pmes\u00e9k \u00e9vsz\u00e1zados b\u00f6lcsess\u00e9g\u00e9t, a k\u00f6z\u00f6s j\u00e1t\u00e9k \u00e9s zen\u00e9l\u00e9s \u00f6r\u00f6m\u00e9t, \u00e9s a gyermekpszichodr\u00e1ma \u00e9s a meseter\u00e1pia eszk\u00f6zeit \u00f6tv\u00f6zi a Kl\u00e1risok mesekoncertje.&nbsp;Korzenszky Kl\u00e1ra \u00e9s zen\u00e9szt\u00e1rsai a fant\u00e1zi\u00e1ra \u00e9s a szerepj\u00e1t\u00e9kra helyezve a hangs\u00falyt k\u00f6z\u00f6s \u00e9nekl\u00e9ssel, j\u00e1t\u00e9kkal, a gyerekekkel k\u00f6z\u00f6sen alkotj\u00e1k meg a mindannyiunk sz\u00e1m\u00e1ra biztons\u00e1gos \u00fatmutat\u00e1sk\u00e9nt szolg\u00e1l\u00f3 mes\u00e9t.<\/p>\n","protected":false},"featured_media":3270,"menu_order":1,"template":"","meta":[],"event_location":[49],"event_date":[52],"_links":{"self":[{"href":"https:\/\/archive.pontfesztival.hu\/2021\/wp-json\/wp\/v2\/programok\/3121"}],"collection":[{"href":"https:\/\/archive.pontfesztival.hu\/2021\/wp-json\/wp\/v2\/programok"}],"about":[{"href":"https:\/\/archive.pontfesztival.hu\/2021\/wp-json\/wp\/v2\/types\/programok"}],"version-history":[{"count":0,"href":"https:\/\/archive.pontfesztival.hu\/2021\/wp-json\/wp\/v2\/programok\/3121\/revisions"}],"wp:featuredmedia":[{"embeddable":true,"href":"https:\/\/archive.pontfesztival.hu\/2021\/wp-json\/wp\/v2\/media\/3270"}],"wp:attachment":[{"href":"https:\/\/archive.pontfesztival.hu\/2021\/wp-json\/wp\/v2\/media?parent=3121"}],"wp:term":[{"taxonomy":"event_location","embeddable":true,"href":"https:\/\/archive.pontfesztival.hu\/2021\/wp-json\/wp\/v2\/event_location?post=3121"},{"taxonomy":"event_date","embeddable":true,"href":"https:\/\/archive.pontfesztival.hu\/2021\/wp-json\/wp\/v2\/event_date?post=3121"}],"curies":[{"name":"wp","href":"https:\/\/api.w.org\/{rel}","templated":true}]}}

Klárisok mesekoncert

<p>A népmesék évszázados bölcsességét, a közös játék és zenélés örömét, és a gyermekpszichodráma és a meseterápia eszközeit ötvözi a Klárisok mesekoncertje.&nbsp;Korzenszky Klára és zenésztársai a fantáziára és a szerepjátékra helyezve a hangsúlyt közös énekléssel, játékkal, a gyerekekkel közösen alkotják meg a mindannyiunk számára biztonságos útmutatásként szolgáló mesét.</p>
