{"id":3158,"date":"2021-09-21T08:19:50","date_gmt":"2021-09-21T08:19:50","guid":{"rendered":"https:\/\/archive.pontfesztival.hu\/2021\/?post_type=programok&#038;p=3158"},"modified":"2021-09-27T13:24:04","modified_gmt":"2021-09-27T13:24:04","slug":"taraf-de-akacfa","status":"publish","type":"programok","link":"https:\/\/archive.pontfesztival.hu\/2021\/programok\/taraf-de-akacfa\/","title":{"rendered":"Taraf de ak\u00e1cfa"},"content":{"rendered":"\n<p>A Taraf De Ak\u00e1cf\u00e1t vil\u00e1gj\u00e1r\u00f3 utcazen\u00e9szek alap\u00edtott\u00e1k 2014-ben, akiket a Balk\u00e1n \u00e9s a K\u00e1rp\u00e1t-medence zen\u00e9je hozott \u00f6ssze. A tagok t\u00f6bbs\u00e9ge m\u00e1ra magyar, de a lend\u00fclet ugyanaz: \u00fagy j\u00e1tssz\u00e1k az erd\u00e9lyi, moldvai \u00e9s balk\u00e1ni dallamokat, hogy neh\u00e9z r\u00e1 nem t\u00e1ncolni. Hozzatok k\u00e9nyelmes cip\u0151t!<\/p>\n","protected":false},"featured_media":3288,"menu_order":5,"template":"","meta":[],"event_location":[49],"event_date":[],"_links":{"self":[{"href":"https:\/\/archive.pontfesztival.hu\/2021\/wp-json\/wp\/v2\/programok\/3158"}],"collection":[{"href":"https:\/\/archive.pontfesztival.hu\/2021\/wp-json\/wp\/v2\/programok"}],"about":[{"href":"https:\/\/archive.pontfesztival.hu\/2021\/wp-json\/wp\/v2\/types\/programok"}],"version-history":[{"count":0,"href":"https:\/\/archive.pontfesztival.hu\/2021\/wp-json\/wp\/v2\/programok\/3158\/revisions"}],"wp:featuredmedia":[{"embeddable":true,"href":"https:\/\/archive.pontfesztival.hu\/2021\/wp-json\/wp\/v2\/media\/3288"}],"wp:attachment":[{"href":"https:\/\/archive.pontfesztival.hu\/2021\/wp-json\/wp\/v2\/media?parent=3158"}],"wp:term":[{"taxonomy":"event_location","embeddable":true,"href":"https:\/\/archive.pontfesztival.hu\/2021\/wp-json\/wp\/v2\/event_location?post=3158"},{"taxonomy":"event_date","embeddable":true,"href":"https:\/\/archive.pontfesztival.hu\/2021\/wp-json\/wp\/v2\/event_date?post=3158"}],"curies":[{"name":"wp","href":"https:\/\/api.w.org\/{rel}","templated":true}]}}

Taraf de akácfa

<p>A Taraf De Akácfát világjáró utcazenészek alapították 2014-ben, akiket a Balkán és a Kárpát-medence zenéje hozott össze. A tagok többsége mára magyar, de a lendület ugyanaz: úgy játsszák az erdélyi, moldvai és balkáni dallamokat, hogy nehéz rá nem táncolni. Hozzatok kényelmes cipőt!</p>
