{"id":3161,"date":"2021-09-21T08:20:53","date_gmt":"2021-09-21T08:20:53","guid":{"rendered":"https:\/\/archive.pontfesztival.hu\/2021\/?post_type=programok&#038;p=3161"},"modified":"2021-10-04T14:19:14","modified_gmt":"2021-10-04T14:19:14","slug":"moldvai-tanchaz","status":"publish","type":"programok","link":"https:\/\/archive.pontfesztival.hu\/2021\/programok\/moldvai-tanchaz\/","title":{"rendered":"Moldvai T\u00e1nch\u00e1z"},"content":{"rendered":"\n<p>A moldvai t\u00e1ncok tal\u00e1n a legegyszer\u0171bbek a magyar n\u00e9pzen\u00e9ben &#8211; a kiv\u00e9telesnek sz\u00e1m\u00edt\u00f3 k\u00f6rt\u00e1ncok alapjait k\u00f6nnyen elsaj\u00e1titja b\u00e1rki, a heves sodr\u00e1s\u00fa zene pedig szinte viszi mag\u00e1val a t\u00e1ncost. A T\u00e1zl\u00f3 zenekar, akik 25 \u00e9ve gy\u0171jtik \u00e9s j\u00e1tssz\u00e1k a moldvai muzsik\u00e1t, \u00edgy az egyik leghitelesebb \u00e9s legn\u00e9pszer\u0171bb zenekar, Enyedi \u00c1gi \u00e9nek\u00e9vel kieg\u00e9sz\u00fclve f\u00fajj\u00e1k a talpal\u00e1val\u00f3t.<\/p>\n","protected":false},"featured_media":3280,"menu_order":5,"template":"","meta":[],"event_location":[49],"event_date":[],"_links":{"self":[{"href":"https:\/\/archive.pontfesztival.hu\/2021\/wp-json\/wp\/v2\/programok\/3161"}],"collection":[{"href":"https:\/\/archive.pontfesztival.hu\/2021\/wp-json\/wp\/v2\/programok"}],"about":[{"href":"https:\/\/archive.pontfesztival.hu\/2021\/wp-json\/wp\/v2\/types\/programok"}],"version-history":[{"count":1,"href":"https:\/\/archive.pontfesztival.hu\/2021\/wp-json\/wp\/v2\/programok\/3161\/revisions"}],"predecessor-version":[{"id":3598,"href":"https:\/\/archive.pontfesztival.hu\/2021\/wp-json\/wp\/v2\/programok\/3161\/revisions\/3598"}],"wp:featuredmedia":[{"embeddable":true,"href":"https:\/\/archive.pontfesztival.hu\/2021\/wp-json\/wp\/v2\/media\/3280"}],"wp:attachment":[{"href":"https:\/\/archive.pontfesztival.hu\/2021\/wp-json\/wp\/v2\/media?parent=3161"}],"wp:term":[{"taxonomy":"event_location","embeddable":true,"href":"https:\/\/archive.pontfesztival.hu\/2021\/wp-json\/wp\/v2\/event_location?post=3161"},{"taxonomy":"event_date","embeddable":true,"href":"https:\/\/archive.pontfesztival.hu\/2021\/wp-json\/wp\/v2\/event_date?post=3161"}],"curies":[{"name":"wp","href":"https:\/\/api.w.org\/{rel}","templated":true}]}}

Moldvai Táncház

<p>A moldvai táncok talán a legegyszerűbbek a magyar népzenében &#8211; a kivételesnek számító körtáncok alapjait könnyen elsajátitja bárki, a heves sodrású zene pedig szinte viszi magával a táncost. A Tázló zenekar, akik 25 éve gyűjtik és játsszák a moldvai muzsikát, így az egyik leghitelesebb és legnépszerűbb zenekar, Enyedi Ági énekével kiegészülve fújják a talpalávalót.</p>
