{"id":3165,"date":"2021-09-21T08:21:40","date_gmt":"2021-09-21T08:21:40","guid":{"rendered":"https:\/\/archive.pontfesztival.hu\/2021\/?post_type=programok&#038;p=3165"},"modified":"2021-09-28T08:35:09","modified_gmt":"2021-09-28T08:35:09","slug":"kalasz-banda","status":"publish","type":"programok","link":"https:\/\/archive.pontfesztival.hu\/2021\/programok\/kalasz-banda\/","title":{"rendered":"Kal\u00e1sz Banda"},"content":{"rendered":"\n<p>A PONTon hallhatj\u00e1tok a Kal\u00e1sz Banda \u00faj anyag\u00e1t, ami t\u00f6bbsz\u00f6r\u00f6sen is \u201cfriss\u201d: az egy\u00fcttes 2017 \u00f3ta t\u00f6rekszik a magyar n\u00e9pzene \u201cnyerses\u00e9g\u00e9t, mozg\u00e1s\u00e1t, er\u0151s dinamik\u00e1j\u00e1t, szabads\u00e1g\u00e1t\u201d megmutatni a k\u00f6z\u00f6ns\u00e9gnek. A bevallottan pop, rock \u00e9s rap m\u0171fajokb\u00f3l is ihlet\u0151d\u00f6tt Kal\u00e1sz M\u00e1t\u00e9 olyan muzsikus t\u00e1rsakkal zen\u00e9l, akik osztj\u00e1k v\u00edzi\u00f3j\u00e1t \u00e9s szeretet\u00e9t a K\u00e1rp\u00e1t-medence hagyom\u00e1nya ir\u00e1nt.&nbsp;<\/p>\n","protected":false},"featured_media":3409,"menu_order":7,"template":"","meta":[],"event_location":[49],"event_date":[],"_links":{"self":[{"href":"https:\/\/archive.pontfesztival.hu\/2021\/wp-json\/wp\/v2\/programok\/3165"}],"collection":[{"href":"https:\/\/archive.pontfesztival.hu\/2021\/wp-json\/wp\/v2\/programok"}],"about":[{"href":"https:\/\/archive.pontfesztival.hu\/2021\/wp-json\/wp\/v2\/types\/programok"}],"version-history":[{"count":0,"href":"https:\/\/archive.pontfesztival.hu\/2021\/wp-json\/wp\/v2\/programok\/3165\/revisions"}],"wp:featuredmedia":[{"embeddable":true,"href":"https:\/\/archive.pontfesztival.hu\/2021\/wp-json\/wp\/v2\/media\/3409"}],"wp:attachment":[{"href":"https:\/\/archive.pontfesztival.hu\/2021\/wp-json\/wp\/v2\/media?parent=3165"}],"wp:term":[{"taxonomy":"event_location","embeddable":true,"href":"https:\/\/archive.pontfesztival.hu\/2021\/wp-json\/wp\/v2\/event_location?post=3165"},{"taxonomy":"event_date","embeddable":true,"href":"https:\/\/archive.pontfesztival.hu\/2021\/wp-json\/wp\/v2\/event_date?post=3165"}],"curies":[{"name":"wp","href":"https:\/\/api.w.org\/{rel}","templated":true}]}}

Kalász Banda

<p>A PONTon hallhatjátok a Kalász Banda új anyagát, ami többszörösen is “friss”: az együttes 2017 óta törekszik a magyar népzene “nyerseségét, mozgását, erős dinamikáját, szabadságát” megmutatni a közönségnek. A bevallottan pop, rock és rap műfajokból is ihletődött Kalász Máté olyan muzsikus társakkal zenél, akik osztják vízióját és szeretetét a Kárpát-medence hagyománya iránt.&nbsp;</p>
