{"id":3168,"date":"2021-09-21T08:22:06","date_gmt":"2021-09-21T08:22:06","guid":{"rendered":"https:\/\/archive.pontfesztival.hu\/2021\/?post_type=programok&#038;p=3168"},"modified":"2021-09-28T13:02:27","modified_gmt":"2021-09-28T13:02:27","slug":"quintet-urmuli","status":"publish","type":"programok","link":"https:\/\/archive.pontfesztival.hu\/2021\/programok\/quintet-urmuli\/","title":{"rendered":"Quintet Urmuli"},"content":{"rendered":"\n<p>A Quintet Urmuli 1993 \u00f3ta \u00e1polja a kiv\u00e9teles sz\u00e9ps\u00e9g\u0171 gr\u00faz zenei hagyom\u00e1nyt. Az UNESCO \u00e1ltal is jegyzett, ig\u00e9z\u0151 polif\u00f3nikus \u00e9nekek \u00e9s hangszeres darabok is szerepelnek reperto\u00e1rjukban, amellyel vil\u00e1gszerte k\u00e9pviselik a t\u00f6bb \u00e9vsz\u00e1zados trad\u00edci\u00f3t. Kauk\u00e1zusi hangszerk\u00fcl\u00f6nlegess\u00e9gek: duduk, szalamuri, panduri, csonguri; \u00e9s t\u00f6bb sz\u00e1z \u00e9ves bordalok, harcba h\u00edv\u00f3 vagy szerelmes \u00e9nekek sz\u00f3lalnak meg az egy\u00fcttes koncertj\u00e9n.<\/p>\n","protected":false},"featured_media":3246,"menu_order":6,"template":"","meta":[],"event_location":[49],"event_date":[],"_links":{"self":[{"href":"https:\/\/archive.pontfesztival.hu\/2021\/wp-json\/wp\/v2\/programok\/3168"}],"collection":[{"href":"https:\/\/archive.pontfesztival.hu\/2021\/wp-json\/wp\/v2\/programok"}],"about":[{"href":"https:\/\/archive.pontfesztival.hu\/2021\/wp-json\/wp\/v2\/types\/programok"}],"version-history":[{"count":0,"href":"https:\/\/archive.pontfesztival.hu\/2021\/wp-json\/wp\/v2\/programok\/3168\/revisions"}],"wp:featuredmedia":[{"embeddable":true,"href":"https:\/\/archive.pontfesztival.hu\/2021\/wp-json\/wp\/v2\/media\/3246"}],"wp:attachment":[{"href":"https:\/\/archive.pontfesztival.hu\/2021\/wp-json\/wp\/v2\/media?parent=3168"}],"wp:term":[{"taxonomy":"event_location","embeddable":true,"href":"https:\/\/archive.pontfesztival.hu\/2021\/wp-json\/wp\/v2\/event_location?post=3168"},{"taxonomy":"event_date","embeddable":true,"href":"https:\/\/archive.pontfesztival.hu\/2021\/wp-json\/wp\/v2\/event_date?post=3168"}],"curies":[{"name":"wp","href":"https:\/\/api.w.org\/{rel}","templated":true}]}}

<p>A Quintet Urmuli 1993 óta ápolja a kivételes szépségű grúz zenei hagyományt. Az UNESCO által is jegyzett, igéző polifónikus énekek és hangszeres darabok is szerepelnek repertoárjukban, amellyel világszerte képviselik a több évszázados tradíciót. Kaukázusi hangszerkülönlegességek: duduk, szalamuri, panduri, csonguri; és több száz éves bordalok, harcba hívó vagy szerelmes énekek szólalnak meg az együttes koncertjén.</p>
