{"id":3178,"date":"2021-09-21T08:25:39","date_gmt":"2021-09-21T08:25:39","guid":{"rendered":"https:\/\/archive.pontfesztival.hu\/2021\/?post_type=programok&#038;p=3178"},"modified":"2021-10-04T13:56:08","modified_gmt":"2021-10-04T13:56:08","slug":"adila","status":"publish","type":"programok","link":"https:\/\/archive.pontfesztival.hu\/2021\/programok\/adila\/","title":{"rendered":"Adila &#8211; szabadt\u00e9ri filmvet\u00edt\u00e9s"},"content":{"rendered":"\n<p>\u00c9letk\u00e9pek a Kis-Kauk\u00e1zus t\u00e9rs\u00e9g\u00e9b\u0151l, ahol az id\u0151sebb gener\u00e1ci\u00f3k m\u00e1ig \u0151rzik a hagyom\u00e1nyos gr\u00faz \u00e9nekeket, zen\u00e9t \u00e9s t\u00e1ncokat, komment\u00e1r n\u00e9lk\u00fcl. A Fekete tenger partj\u00e1n fekv\u0151 Guria \u00e9s Adjara tartom\u00e1nyokba kalauzol\u00f3 k\u00e9psorokon megelevenednek a t\u00f6bb sz\u00e1z \u00e9ves dallamok \u00e9s l\u00e9p\u00e9sek, term\u00e9szetes k\u00f6zeg\u00fckben. Az id\u0151sek p\u00e1rbesz\u00e9de feliratozva, de ezen fel\u00fcl csak a k\u00e9pek \u00e9s hangok mes\u00e9lnek err\u0151l az egyszer\u0171, de ugyanakkor v\u00e9gtelen\u00fcl gazdag \u00e9letm\u00f3dr\u00f3l.<\/p>\n","protected":false},"featured_media":0,"menu_order":98,"template":"","meta":[],"event_location":[50],"event_date":[],"_links":{"self":[{"href":"https:\/\/archive.pontfesztival.hu\/2021\/wp-json\/wp\/v2\/programok\/3178"}],"collection":[{"href":"https:\/\/archive.pontfesztival.hu\/2021\/wp-json\/wp\/v2\/programok"}],"about":[{"href":"https:\/\/archive.pontfesztival.hu\/2021\/wp-json\/wp\/v2\/types\/programok"}],"version-history":[{"count":2,"href":"https:\/\/archive.pontfesztival.hu\/2021\/wp-json\/wp\/v2\/programok\/3178\/revisions"}],"predecessor-version":[{"id":3560,"href":"https:\/\/archive.pontfesztival.hu\/2021\/wp-json\/wp\/v2\/programok\/3178\/revisions\/3560"}],"wp:attachment":[{"href":"https:\/\/archive.pontfesztival.hu\/2021\/wp-json\/wp\/v2\/media?parent=3178"}],"wp:term":[{"taxonomy":"event_location","embeddable":true,"href":"https:\/\/archive.pontfesztival.hu\/2021\/wp-json\/wp\/v2\/event_location?post=3178"},{"taxonomy":"event_date","embeddable":true,"href":"https:\/\/archive.pontfesztival.hu\/2021\/wp-json\/wp\/v2\/event_date?post=3178"}],"curies":[{"name":"wp","href":"https:\/\/api.w.org\/{rel}","templated":true}]}}

Adila &#8211; szabadtéri filmvetítés

<p>Életképek a Kis-Kaukázus térségéből, ahol az idősebb generációk máig őrzik a hagyományos grúz énekeket, zenét és táncokat, kommentár nélkül. A Fekete tenger partján fekvő Guria és Adjara tartományokba kalauzoló képsorokon megelevenednek a több száz éves dallamok és lépések, természetes közegükben. Az idősek párbeszéde feliratozva, de ezen felül csak a képek és hangok mesélnek erről az egyszerű, de ugyanakkor végtelenül gazdag életmódról.</p>
