{"id":3185,"date":"2021-09-21T08:27:16","date_gmt":"2021-09-21T08:27:16","guid":{"rendered":"https:\/\/archive.pontfesztival.hu\/2021\/?post_type=programok&#038;p=3185"},"modified":"2021-10-06T11:09:54","modified_gmt":"2021-10-06T11:09:54","slug":"repulj-madar-repulj","status":"publish","type":"programok","link":"https:\/\/archive.pontfesztival.hu\/2021\/programok\/repulj-madar-repulj\/","title":{"rendered":"Rep\u00fclj mad\u00e1r, rep\u00fclj!"},"content":{"rendered":"\n<p>Simon Broughton, a neves londoni \u00fajs\u00e1g\u00edr\u00f3, A Songlines vil\u00e1gzenei \u00fajs\u00e1g f\u0151szerkeszt\u0151je j\u00e1rja k\u00f6r\u00fcl a t\u00e1nch\u00e1z mozgalom m\u00faltj\u00e1t \u00e9s jelen\u00e9t magyar bar\u00e1tai \u00e9s koll\u00e9g\u00e1i seg\u00edts\u00e9g\u00e9vel. Simon a kezdetekt\u0151l figyelemmel k\u00eds\u00e9rte a magyar t\u00e1nch\u00e1zi \u00e9letet, annak t\u00e1rsadalmi hat\u00e1sait \u00e9s a bel\u0151le kin\u00f6v\u0151 koncertzenekarok, sz\u00f3list\u00e1k karrierj\u00e9t. A filmben megsz\u00f3lalnak t\u00f6bbek k\u00f6z\u00f6tt Sebesty\u00e9n M\u00e1rta \u00e9s a Muzsik\u00e1s egy\u00fcttes tagjai, Joe Boyd amerikai producer \u00e9s Janusz Prusinowski, a lengyel t\u00e1nch\u00e1zmozgalom elind\u00edt\u00f3ja.<\/p>\n","protected":false},"featured_media":3350,"menu_order":99,"template":"","meta":[],"event_location":[50],"event_date":[],"_links":{"self":[{"href":"https:\/\/archive.pontfesztival.hu\/2021\/wp-json\/wp\/v2\/programok\/3185"}],"collection":[{"href":"https:\/\/archive.pontfesztival.hu\/2021\/wp-json\/wp\/v2\/programok"}],"about":[{"href":"https:\/\/archive.pontfesztival.hu\/2021\/wp-json\/wp\/v2\/types\/programok"}],"version-history":[{"count":2,"href":"https:\/\/archive.pontfesztival.hu\/2021\/wp-json\/wp\/v2\/programok\/3185\/revisions"}],"predecessor-version":[{"id":3601,"href":"https:\/\/archive.pontfesztival.hu\/2021\/wp-json\/wp\/v2\/programok\/3185\/revisions\/3601"}],"wp:featuredmedia":[{"embeddable":true,"href":"https:\/\/archive.pontfesztival.hu\/2021\/wp-json\/wp\/v2\/media\/3350"}],"wp:attachment":[{"href":"https:\/\/archive.pontfesztival.hu\/2021\/wp-json\/wp\/v2\/media?parent=3185"}],"wp:term":[{"taxonomy":"event_location","embeddable":true,"href":"https:\/\/archive.pontfesztival.hu\/2021\/wp-json\/wp\/v2\/event_location?post=3185"},{"taxonomy":"event_date","embeddable":true,"href":"https:\/\/archive.pontfesztival.hu\/2021\/wp-json\/wp\/v2\/event_date?post=3185"}],"curies":[{"name":"wp","href":"https:\/\/api.w.org\/{rel}","templated":true}]}}

Repülj madár, repülj!

<p>Simon Broughton, a neves londoni újságíró, A Songlines világzenei újság főszerkesztője járja körül a táncház mozgalom múltját és jelenét magyar barátai és kollégái segítségével. Simon a kezdetektől figyelemmel kísérte a magyar táncházi életet, annak társadalmi hatásait és a belőle kinövő koncertzenekarok, szólisták karrierjét. A filmben megszólalnak többek között Sebestyén Márta és a Muzsikás együttes tagjai, Joe Boyd amerikai producer és Janusz Prusinowski, a lengyel táncházmozgalom elindítója.</p>
