{"id":3194,"date":"2021-09-21T08:29:14","date_gmt":"2021-09-21T08:29:14","guid":{"rendered":"https:\/\/archive.pontfesztival.hu\/2021\/?post_type=programok&#038;p=3194"},"modified":"2021-09-30T08:12:24","modified_gmt":"2021-09-30T08:12:24","slug":"balogh-adam-fotokiallitas","status":"publish","type":"programok","link":"https:\/\/archive.pontfesztival.hu\/2021\/programok\/balogh-adam-fotokiallitas\/","title":{"rendered":"Balogh \u00c1d\u00e1m fot\u00f3ki\u00e1ll\u00edt\u00e1s"},"content":{"rendered":"\n<p>A fot\u00f3k a kauk\u00e1zusi t\u00e9rs\u00e9g mes\u00e9s vil\u00e1g\u00e1ba invit\u00e1lnak, kifejezve a fest\u0151 \u00e9s fot\u00f3m\u0171v\u00e9sz Balogh \u00c1d\u00e1m egy\u00e9ni l\u00e1t\u00e1sm\u00f3dj\u00e1t. \u201cB\u00e1rhol j\u00e1r a vil\u00e1gban, t\u00e9m\u00e1ja mindig egy: az ember. Csod\u00e1lkoz\u00f3 gyermeki szemek, titokzatos k\u0151falak, \u00e9vsz\u00e1zadokr\u00f3l mes\u00e9l\u0151 v\u00e1rosok, templomok, \u00e9s terek (&#8230;) Balogh \u00c1d\u00e1m a vil\u00e1g szeme \u00e9s a t\u00f6rt\u00e9n\u00e9sek \u0151rz\u0151je.\u201d &#8211; Keleti \u00c9va<\/p>\n","protected":false},"featured_media":3495,"menu_order":33,"template":"","meta":[],"event_location":[],"event_date":[],"_links":{"self":[{"href":"https:\/\/archive.pontfesztival.hu\/2021\/wp-json\/wp\/v2\/programok\/3194"}],"collection":[{"href":"https:\/\/archive.pontfesztival.hu\/2021\/wp-json\/wp\/v2\/programok"}],"about":[{"href":"https:\/\/archive.pontfesztival.hu\/2021\/wp-json\/wp\/v2\/types\/programok"}],"version-history":[{"count":3,"href":"https:\/\/archive.pontfesztival.hu\/2021\/wp-json\/wp\/v2\/programok\/3194\/revisions"}],"predecessor-version":[{"id":3497,"href":"https:\/\/archive.pontfesztival.hu\/2021\/wp-json\/wp\/v2\/programok\/3194\/revisions\/3497"}],"wp:featuredmedia":[{"embeddable":true,"href":"https:\/\/archive.pontfesztival.hu\/2021\/wp-json\/wp\/v2\/media\/3495"}],"wp:attachment":[{"href":"https:\/\/archive.pontfesztival.hu\/2021\/wp-json\/wp\/v2\/media?parent=3194"}],"wp:term":[{"taxonomy":"event_location","embeddable":true,"href":"https:\/\/archive.pontfesztival.hu\/2021\/wp-json\/wp\/v2\/event_location?post=3194"},{"taxonomy":"event_date","embeddable":true,"href":"https:\/\/archive.pontfesztival.hu\/2021\/wp-json\/wp\/v2\/event_date?post=3194"}],"curies":[{"name":"wp","href":"https:\/\/api.w.org\/{rel}","templated":true}]}}

Balogh Ádám fotókiállítás

<p>A fotók a kaukázusi térség mesés világába invitálnak, kifejezve a festő és fotóművész Balogh Ádám egyéni látásmódját. “Bárhol jár a világban, témája mindig egy: az ember. Csodálkozó gyermeki szemek, titokzatos kőfalak, évszázadokról mesélő városok, templomok, és terek (&#8230;) Balogh Ádám a világ szeme és a történések őrzője.” &#8211; Keleti Éva</p>
