{"id":3509,"date":"2021-09-30T08:26:05","date_gmt":"2021-09-30T08:26:05","guid":{"rendered":"https:\/\/archive.pontfesztival.hu\/2021\/?post_type=programok&#038;p=3509"},"modified":"2021-10-04T13:33:13","modified_gmt":"2021-10-04T13:33:13","slug":"kasa-bela-fotokiallitas","status":"publish","type":"programok","link":"https:\/\/archive.pontfesztival.hu\/2021\/programok\/kasa-bela-fotokiallitas\/","title":{"rendered":"K\u00e1sa B\u00e9la fot\u00f3ki\u00e1ll\u00edt\u00e1s"},"content":{"rendered":"\n<p>\u201cK\u00e1sa B\u00e9la az elt\u0171n\u0151ben l\u00e9v\u0151 paraszti kult\u00fara \u00e9s \u00e9letm\u00f3d legfontosabb vizu\u00e1lis meg\u00f6r\u00f6k\u00edt\u0151je (&#8230;) mindenekel\u0151tt neki k\u00f6sz\u00f6nhet\u0151, hogy ezeknek a nagyszer\u0171 muzsikusoknak nemcsak a j\u00e1t\u00e9k\u00e1t, hanem az arc\u00e1t is ismerj\u00fck.\u201d &#8211; J\u00e1vorszky B\u00e9la Szil\u00e1rd<\/p>\n","protected":false},"featured_media":3563,"menu_order":0,"template":"","meta":[],"event_location":[],"event_date":[],"_links":{"self":[{"href":"https:\/\/archive.pontfesztival.hu\/2021\/wp-json\/wp\/v2\/programok\/3509"}],"collection":[{"href":"https:\/\/archive.pontfesztival.hu\/2021\/wp-json\/wp\/v2\/programok"}],"about":[{"href":"https:\/\/archive.pontfesztival.hu\/2021\/wp-json\/wp\/v2\/types\/programok"}],"version-history":[{"count":2,"href":"https:\/\/archive.pontfesztival.hu\/2021\/wp-json\/wp\/v2\/programok\/3509\/revisions"}],"predecessor-version":[{"id":3511,"href":"https:\/\/archive.pontfesztival.hu\/2021\/wp-json\/wp\/v2\/programok\/3509\/revisions\/3511"}],"wp:featuredmedia":[{"embeddable":true,"href":"https:\/\/archive.pontfesztival.hu\/2021\/wp-json\/wp\/v2\/media\/3563"}],"wp:attachment":[{"href":"https:\/\/archive.pontfesztival.hu\/2021\/wp-json\/wp\/v2\/media?parent=3509"}],"wp:term":[{"taxonomy":"event_location","embeddable":true,"href":"https:\/\/archive.pontfesztival.hu\/2021\/wp-json\/wp\/v2\/event_location?post=3509"},{"taxonomy":"event_date","embeddable":true,"href":"https:\/\/archive.pontfesztival.hu\/2021\/wp-json\/wp\/v2\/event_date?post=3509"}],"curies":[{"name":"wp","href":"https:\/\/api.w.org\/{rel}","templated":true}]}}

Kása Béla fotókiállítás

<p>“Kása Béla az eltűnőben lévő paraszti kultúra és életmód legfontosabb vizuális megörökítője (&#8230;) mindenekelőtt neki köszönhető, hogy ezeknek a nagyszerű muzsikusoknak nemcsak a játékát, hanem az arcát is ismerjük.” &#8211; Jávorszky Béla Szilárd</p>
