{"id":3577,"date":"2021-10-04T13:41:10","date_gmt":"2021-10-04T13:41:10","guid":{"rendered":"https:\/\/archive.pontfesztival.hu\/2021\/?post_type=programok&#038;p=3577"},"modified":"2021-10-04T14:20:12","modified_gmt":"2021-10-04T14:20:12","slug":"kekseg","status":"publish","type":"programok","link":"https:\/\/archive.pontfesztival.hu\/2021\/programok\/kekseg\/","title":{"rendered":"K\u00e9kS\u00e9g"},"content":{"rendered":"\n<p>Pr\u00f3b\u00e1lj\u00e1tok ki a k\u00e9kfest\u00e9st, vigyetek haza egy v\u00e1szont\u00e1sk\u00e1t, amin a saj\u00e1t mint\u00e1tok d\u00edszeleg! K\u00e9zzel vagy d\u00facokkal is mint\u00e1zhattok a m\u00e9lyk\u00e9k textilen, Mundrusz Anett n\u00e9pi iparm\u0171v\u00e9sz workshopj\u00e1n. A hagyom\u00e1nyos technika 2018 \u00f3ta szerepel az UNESCO szellemi \u00f6r\u00f6ks\u00e9g jegyz\u00e9k\u00e9ben.<\/p>\n","protected":false},"featured_media":3578,"menu_order":3,"template":"","meta":[],"event_location":[50],"event_date":[],"_links":{"self":[{"href":"https:\/\/archive.pontfesztival.hu\/2021\/wp-json\/wp\/v2\/programok\/3577"}],"collection":[{"href":"https:\/\/archive.pontfesztival.hu\/2021\/wp-json\/wp\/v2\/programok"}],"about":[{"href":"https:\/\/archive.pontfesztival.hu\/2021\/wp-json\/wp\/v2\/types\/programok"}],"version-history":[{"count":3,"href":"https:\/\/archive.pontfesztival.hu\/2021\/wp-json\/wp\/v2\/programok\/3577\/revisions"}],"predecessor-version":[{"id":3582,"href":"https:\/\/archive.pontfesztival.hu\/2021\/wp-json\/wp\/v2\/programok\/3577\/revisions\/3582"}],"wp:featuredmedia":[{"embeddable":true,"href":"https:\/\/archive.pontfesztival.hu\/2021\/wp-json\/wp\/v2\/media\/3578"}],"wp:attachment":[{"href":"https:\/\/archive.pontfesztival.hu\/2021\/wp-json\/wp\/v2\/media?parent=3577"}],"wp:term":[{"taxonomy":"event_location","embeddable":true,"href":"https:\/\/archive.pontfesztival.hu\/2021\/wp-json\/wp\/v2\/event_location?post=3577"},{"taxonomy":"event_date","embeddable":true,"href":"https:\/\/archive.pontfesztival.hu\/2021\/wp-json\/wp\/v2\/event_date?post=3577"}],"curies":[{"name":"wp","href":"https:\/\/api.w.org\/{rel}","templated":true}]}}

KékSég

<p>Próbáljátok ki a kékfestést, vigyetek haza egy vászontáskát, amin a saját mintátok díszeleg! Kézzel vagy dúcokkal is mintázhattok a mélykék textilen, Mundrusz Anett népi iparművész workshopján. A hagyományos technika 2018 óta szerepel az UNESCO szellemi örökség jegyzékében.</p>
