{"id":3589,"date":"2021-10-04T13:44:15","date_gmt":"2021-10-04T13:44:15","guid":{"rendered":"https:\/\/archive.pontfesztival.hu\/2021\/programok\/babter-2\/"},"modified":"2021-10-04T13:59:09","modified_gmt":"2021-10-04T13:59:09","slug":"babter-2","status":"publish","type":"programok","link":"https:\/\/archive.pontfesztival.hu\/2021\/programok\/babter-2\/","title":{"rendered":"BABt\u00e9r"},"content":{"rendered":"\n<p>Anim\u00e1ci\u00f3s workshop, ahol a gyerekek rajzolhatnak, megismerhetik a k\u00fcl\u00f6nf\u00e9le anim\u00e1ci\u00f3s technik\u00e1kat, \u00e9s k\u00fcty\u00fckkel is alkothatnak. Egyed\u00fcl vagy csapatban, k\u00e9zzel vagy ipaddel, saj\u00e1t vizu\u00e1lis t\u00f6rt\u00e9netet kre\u00e1lhatnak, \u00e9s ebbe a&nbsp; Kauk\u00e1zus var\u00e1zslatos vil\u00e1g\u00e1t is belesz\u0151hetik! A t\u00f6bb f\u00e1zis\u00fa workshop az eg\u00e9sz csal\u00e1dnak tartalmas sz\u00f3rakoz\u00e1s. <\/p>\n","protected":false},"featured_media":3567,"menu_order":71,"template":"","meta":[],"event_location":[50],"event_date":[],"_links":{"self":[{"href":"https:\/\/archive.pontfesztival.hu\/2021\/wp-json\/wp\/v2\/programok\/3589"}],"collection":[{"href":"https:\/\/archive.pontfesztival.hu\/2021\/wp-json\/wp\/v2\/programok"}],"about":[{"href":"https:\/\/archive.pontfesztival.hu\/2021\/wp-json\/wp\/v2\/types\/programok"}],"version-history":[{"count":4,"href":"https:\/\/archive.pontfesztival.hu\/2021\/wp-json\/wp\/v2\/programok\/3589\/revisions"}],"predecessor-version":[{"id":3593,"href":"https:\/\/archive.pontfesztival.hu\/2021\/wp-json\/wp\/v2\/programok\/3589\/revisions\/3593"}],"wp:featuredmedia":[{"embeddable":true,"href":"https:\/\/archive.pontfesztival.hu\/2021\/wp-json\/wp\/v2\/media\/3567"}],"wp:attachment":[{"href":"https:\/\/archive.pontfesztival.hu\/2021\/wp-json\/wp\/v2\/media?parent=3589"}],"wp:term":[{"taxonomy":"event_location","embeddable":true,"href":"https:\/\/archive.pontfesztival.hu\/2021\/wp-json\/wp\/v2\/event_location?post=3589"},{"taxonomy":"event_date","embeddable":true,"href":"https:\/\/archive.pontfesztival.hu\/2021\/wp-json\/wp\/v2\/event_date?post=3589"}],"curies":[{"name":"wp","href":"https:\/\/api.w.org\/{rel}","templated":true}]}}

BABtér

<p>Animációs workshop, ahol a gyerekek rajzolhatnak, megismerhetik a különféle animációs technikákat, és kütyükkel is alkothatnak. Egyedül vagy csapatban, kézzel vagy ipaddel, saját vizuális történetet kreálhatnak, és ebbe a&nbsp; Kaukázus varázslatos világát is beleszőhetik! A több fázisú workshop az egész családnak tartalmas szórakozás. </p>
