{"id":3969,"date":"2024-09-10T09:40:45","date_gmt":"2024-09-10T07:40:45","guid":{"rendered":"https:\/\/archive.pontfesztival.hu\/2024\/?post_type=programok&#038;p=3969"},"modified":"2024-09-10T16:18:40","modified_gmt":"2024-09-10T14:18:40","slug":"nasip-kismet-koncert","status":"publish","type":"programok","link":"https:\/\/archive.pontfesztival.hu\/2024\/programok\/nasip-kismet-koncert\/","title":{"rendered":"Nasip K\u0131smet koncert"},"content":{"rendered":"\n<p>\u201eAmit hoz a sors\u201d: ez a Nasip K\u0131smet ford\u00edt\u00e1sa, de a t\u00f6bb \u00e9vsz\u00e1zados anat\u00f3liai l\u00edra, pszichedelikus folk \u00e9s f\u00fazi\u00f3s jazz el\u0151bb jut el a sz\u00edv\u00fcnkbe, mint a szavak. Arif Erdem Ocak az pezsg\u0151 ankarai szc\u00e9n\u00e1b\u00f3l cs\u00f6ppent Budapestre, hogy itt azt\u00e1n megalap\u00edtsa magyar-t\u00f6r\u00f6k f\u00fazi\u00f3s zenekar\u00e1t. A Nasip K\u0131smetben kiv\u00e1l\u00f3 zen\u00e9szek sz\u0151nek mes\u00e9s hangsz\u0151nyeget, melyet Arif&nbsp; testv\u00e9re, Derya Ocak vok\u00e1lja tesz teljess\u00e9.<\/p>\n\n\n\n<figure class=\"wp-block-embed is-type-video is-provider-youtube wp-block-embed-youtube wp-embed-aspect-16-9 wp-has-aspect-ratio\"><div class=\"wp-block-embed__wrapper\">\n<iframe loading=\"lazy\" title=\"Nasip Kismet: B\u00fckl\u00fcm B\u00fckl\u00fcm\" width=\"500\" height=\"281\" src=\"https:\/\/www.youtube.com\/embed\/c9iN0BbfUiE?feature=oembed\" frameborder=\"0\" allow=\"accelerometer; autoplay; clipboard-write; encrypted-media; gyroscope; picture-in-picture; web-share\" referrerpolicy=\"strict-origin-when-cross-origin\" allowfullscreen><\/iframe>\n<\/div><\/figure>\n","protected":false},"featured_media":4029,"menu_order":5,"template":"","meta":{"_acf_changed":false,"footnotes":""},"event_location":[50],"event_date":[66],"class_list":["post-3969","programok","type-programok","status-publish","has-post-thumbnail","hentry","event_location-pont-szinpad","event_date-2024-oktober-12-2"],"acf":{"alcim":"","mikor_kezdodik":"19:15","mikor_er_veget":"20:15","social_facebook":"","social_instagram":"","social_youtube":"","social_spotify":"","extra_adat_a_teljes_oldalra":""},"_links":{"self":[{"href":"https:\/\/archive.pontfesztival.hu\/2024\/wp-json\/wp\/v2\/programok\/3969","targetHints":{"allow":["GET"]}}],"collection":[{"href":"https:\/\/archive.pontfesztival.hu\/2024\/wp-json\/wp\/v2\/programok"}],"about":[{"href":"https:\/\/archive.pontfesztival.hu\/2024\/wp-json\/wp\/v2\/types\/programok"}],"version-history":[{"count":3,"href":"https:\/\/archive.pontfesztival.hu\/2024\/wp-json\/wp\/v2\/programok\/3969\/revisions"}],"predecessor-version":[{"id":4077,"href":"https:\/\/archive.pontfesztival.hu\/2024\/wp-json\/wp\/v2\/programok\/3969\/revisions\/4077"}],"wp:featuredmedia":[{"embeddable":true,"href":"https:\/\/archive.pontfesztival.hu\/2024\/wp-json\/wp\/v2\/media\/4029"}],"wp:attachment":[{"href":"https:\/\/archive.pontfesztival.hu\/2024\/wp-json\/wp\/v2\/media?parent=3969"}],"wp:term":[{"taxonomy":"event_location","embeddable":true,"href":"https:\/\/archive.pontfesztival.hu\/2024\/wp-json\/wp\/v2\/event_location?post=3969"},{"taxonomy":"event_date","embeddable":true,"href":"https:\/\/archive.pontfesztival.hu\/2024\/wp-json\/wp\/v2\/event_date?post=3969"}],"curies":[{"name":"wp","href":"https:\/\/api.w.org\/{rel}","templated":true}]}}

Nasip Kısmet koncert

<p>„Amit hoz a sors”: ez a Nasip Kısmet fordítása, de a több évszázados anatóliai líra, pszichedelikus folk és fúziós jazz előbb jut el a szívünkbe, mint a szavak. Arif Erdem Ocak az pezsgő ankarai szcénából csöppent Budapestre, hogy itt aztán megalapítsa magyar-török fúziós zenekarát. A Nasip Kısmetben kiváló zenészek szőnek mesés hangszőnyeget, melyet Arif&nbsp; testvére, Derya Ocak vokálja tesz teljessé.</p>



<figure class="wp-block-embed is-type-video is-provider-youtube wp-block-embed-youtube wp-embed-aspect-16-9 wp-has-aspect-ratio"><div class="wp-block-embed__wrapper">
<iframe loading="lazy" title="Nasip Kismet: Büklüm Büklüm" width="500" height="281" src="https://www.youtube.com/embed/c9iN0BbfUiE?feature=oembed" frameborder="0" allow="accelerometer; autoplay; clipboard-write; encrypted-media; gyroscope; picture-in-picture; web-share" referrerpolicy="strict-origin-when-cross-origin" allowfullscreen></iframe>
</div></figure>
