{"id":1300,"date":"2016-09-04T17:29:06","date_gmt":"2016-09-04T17:29:06","guid":{"rendered":"https:\/\/archive.pontfesztival.hu\/2025\/?page_id=1300"},"modified":"2025-09-10T14:18:24","modified_gmt":"2025-09-10T12:18:24","slug":"sajto","status":"publish","type":"page","link":"https:\/\/archive.pontfesztival.hu\/2025\/sajto\/","title":{"rendered":"Sajt\u00f3"},"content":{"rendered":"<h3>Itt t\u00f6ltheted le a fesztiv\u00e1lhoz kapcsol\u00f3d\u00f3 sajt\u00f3anyagokat. K\u00e9rj\u00fck, hogy az anyagok felhaszn\u00e1l\u00e1sakor minden esetben hivatkozz a PONT Fesztiv\u00e1lra \u00e9s a f\u00e1jln\u00e9vben szerepl\u0151 alkot\u00f3kra.<\/h3>\n<p>Tov\u00e1bbi inform\u00e1ci\u00f3\u00e9rt k\u00e9rj\u00fck \u00edrj az <a href=\"mailto:sajto@hangveto.hu\">sajto@hangveto.hu<\/a> c\u00edmre!<\/p>\n","protected":false},"excerpt":{"rendered":"<p>Itt t\u00f6ltheted le a fesztiv\u00e1lhoz kapcsol\u00f3d\u00f3 sajt\u00f3anyagokat. K\u00e9rj\u00fck, hogy az [&hellip;]<\/p>\n","protected":false},"author":1,"featured_media":0,"parent":0,"menu_order":0,"comment_status":"open","ping_status":"closed","template":"download.php","meta":{"_acf_changed":false,"footnotes":""},"class_list":["post-1300","page","type-page","status-publish","hentry"],"acf":[],"_links":{"self":[{"href":"https:\/\/archive.pontfesztival.hu\/2025\/wp-json\/wp\/v2\/pages\/1300","targetHints":{"allow":["GET"]}}],"collection":[{"href":"https:\/\/archive.pontfesztival.hu\/2025\/wp-json\/wp\/v2\/pages"}],"about":[{"href":"https:\/\/archive.pontfesztival.hu\/2025\/wp-json\/wp\/v2\/types\/page"}],"author":[{"embeddable":true,"href":"https:\/\/archive.pontfesztival.hu\/2025\/wp-json\/wp\/v2\/users\/1"}],"replies":[{"embeddable":true,"href":"https:\/\/archive.pontfesztival.hu\/2025\/wp-json\/wp\/v2\/comments?post=1300"}],"version-history":[{"count":5,"href":"https:\/\/archive.pontfesztival.hu\/2025\/wp-json\/wp\/v2\/pages\/1300\/revisions"}],"predecessor-version":[{"id":4274,"href":"https:\/\/archive.pontfesztival.hu\/2025\/wp-json\/wp\/v2\/pages\/1300\/revisions\/4274"}],"wp:attachment":[{"href":"https:\/\/archive.pontfesztival.hu\/2025\/wp-json\/wp\/v2\/media?parent=1300"}],"curies":[{"name":"wp","href":"https:\/\/api.w.org\/{rel}","templated":true}]}}