{"id":4141,"date":"2025-09-05T10:43:43","date_gmt":"2025-09-05T08:43:43","guid":{"rendered":"https:\/\/archive.pontfesztival.hu\/2025\/?post_type=programok&#038;p=4141"},"modified":"2025-09-11T11:49:45","modified_gmt":"2025-09-11T09:49:45","slug":"kezmuves-sarok","status":"publish","type":"programok","link":"https:\/\/archive.pontfesztival.hu\/2025\/programok\/kezmuves-sarok\/","title":{"rendered":"K\u00e9zm\u0171ves sarok"},"content":{"rendered":"\n<p>Szerb mot\u00edvumok \u00e9s \u00e1llatok elevenednek meg az apr\u00f3cska \u00e9s feln\u0151tt kezek \u00e1ltal. Agyagb\u00f3l, pap\u00edrb\u00f3l \u00e9s textilb\u0151l var\u00e1zsolhattok hi\u00fazt, farkast vagy \u00e9pp Zmijanje h\u00edmz\u00e9st, k\u00f6zben megismerve Szerbia \u00e9s a t\u00e9rs\u00e9g kincseit. A jutalom az alkot\u00e1s \u00e9s egy\u00fctt t\u00f6lt\u00f6tt id\u0151 \u00f6r\u00f6m\u00e9n t\u00fal egy-egy t\u00e1rgy, maszk, kend\u0151cske vagy h\u0171t\u0151m\u00e1gnes, ami eml\u00e9k marad a PONT-r\u00f3l.\u00a0<\/p>\n","protected":false},"featured_media":4283,"menu_order":5,"template":"","meta":{"_acf_changed":false,"footnotes":""},"event_location":[49],"event_date":[66],"class_list":["post-4141","programok","type-programok","status-publish","has-post-thumbnail","hentry","event_location-muzeumkert","event_date-2025-oktober-11"],"acf":{"alcim":"","mikor_kezdodik":"11:00","mikor_er_veget":"18:00","social_facebook":"","social_instagram":"","social_youtube":"","social_spotify":"","extra_adat_a_teljes_oldalra":"2025. okt\u00f3ber 11. 11:00-19:00\r\nM\u00fazeumkert"},"_links":{"self":[{"href":"https:\/\/archive.pontfesztival.hu\/2025\/wp-json\/wp\/v2\/programok\/4141","targetHints":{"allow":["GET"]}}],"collection":[{"href":"https:\/\/archive.pontfesztival.hu\/2025\/wp-json\/wp\/v2\/programok"}],"about":[{"href":"https:\/\/archive.pontfesztival.hu\/2025\/wp-json\/wp\/v2\/types\/programok"}],"version-history":[{"count":4,"href":"https:\/\/archive.pontfesztival.hu\/2025\/wp-json\/wp\/v2\/programok\/4141\/revisions"}],"predecessor-version":[{"id":4288,"href":"https:\/\/archive.pontfesztival.hu\/2025\/wp-json\/wp\/v2\/programok\/4141\/revisions\/4288"}],"wp:featuredmedia":[{"embeddable":true,"href":"https:\/\/archive.pontfesztival.hu\/2025\/wp-json\/wp\/v2\/media\/4283"}],"wp:attachment":[{"href":"https:\/\/archive.pontfesztival.hu\/2025\/wp-json\/wp\/v2\/media?parent=4141"}],"wp:term":[{"taxonomy":"event_location","embeddable":true,"href":"https:\/\/archive.pontfesztival.hu\/2025\/wp-json\/wp\/v2\/event_location?post=4141"},{"taxonomy":"event_date","embeddable":true,"href":"https:\/\/archive.pontfesztival.hu\/2025\/wp-json\/wp\/v2\/event_date?post=4141"}],"curies":[{"name":"wp","href":"https:\/\/api.w.org\/{rel}","templated":true}]}}

Kézműves sarok

<p>Szerb motívumok és állatok elevenednek meg az aprócska és felnőtt kezek által. Agyagból, papírból és textilből varázsolhattok hiúzt, farkast vagy épp Zmijanje hímzést, közben megismerve Szerbia és a térség kincseit. A jutalom az alkotás és együtt töltött idő örömén túl egy-egy tárgy, maszk, kendőcske vagy hűtőmágnes, ami emlék marad a PONT-ról. </p>

2025. október 11. 11:00-19:00
Múzeumkert
